 188*g. Determine y(z).
6
Let x(h) = -h**2 - 3*h. Suppose 0*i + 15 = 3*i. Suppose l + 3*a - i = -a, 0 = -3*a + 6. Give x(l).
0
Let s(m) = m**3 + m**2 - 2*m - 1. Let q(p) = -2*p**3 + 2*p**2 + 6*p. Let d(x) = q(x) + s(x). What is d(3)?
11
Let u(y) = -y**3 - 6*y**2 + 19*y + 27. Let j be u(-8). Let v(x) be the second derivative of -1/6*x**4 + 1/2*x**2 - 1/3*x**3 - j*x + 0. Determine v(-2).
-3
Suppose -9*c + 218 = -88. Let x = c + -38. Let b(g) = g**2 + 6*g + 5. Give b(x).
-3
Let i(o) = 7*o - 1. Suppose 40 + 88 = 16*d. Suppose -8*a + d = -10*a. Give i(a).
-29
Let z = 32 + -33. Let o(x) = 6*x + 3. Let h be o(z). Let y(i) = -2*i**2 - i - 4. Calculate y(h).
-19
Let x(l) = -878*l**2 - 12*l + 9 + 4 + 879*l**2. Give x(12).
13
Let t(d) be the second derivative of -d**6/360 - 7*d**5/120 + d**4/12 + 2*d. Let o(w) be the third derivative of t(w). Suppose 25 = -r - 4*r. Give o(r).
3
Suppose -3*s + 28 = -8. Suppose -2*p + 4*p = s. Let y(z) = -2 + p - 2 - 17*z + 13*z. Give y(-2).
10
Let p(i) be the second derivative of -i**3/6 + i**2 + 20*i. Let h be -4 + 20/(-6)*-3. Determine p(h).
-4
Let o(b) = -3*b**2 + 48 - 22 - 2*b - 25. Calculate o(-2).
-7
Let v(o) = -7*o**2 - 12*o - 18. Let h(b) = -10*b + 0 - 3*b**2 + 4*b - 7 - 2. Let g(c) = -9*h(c) + 4*v(c). Give g(7).
2
Suppose -79*w + 90*w = -11. Let s(c) = -17*c - 1. Calculate s(w).
16
Let h(u) = u**3 - 8*u - 50*u**2 + 51*u**2 + 2 + 2*u. Let k be h(-3). Let v(f) be the second derivative of f**4/12 - f**2 + f. Give v(k).
2
Let u(l) = -l**2 + 24*l - 51. Let o = 538 + -516. Determine u(o).
-7
Suppose 33*k - 24*k = 0. Let p(s) = -s**2 + 3*s + 5. Calculate p(k).
5
Let b(j) = -j**2 - 11*j - 28. Let o be b(-4). Let v(w) = w**3 - w**2 + w + 4. Calculate v(o).
4
Let s(n) be the third derivative of 0*n**3 + 0*n - 1/24*n**4 + 35*n**2 + 0. Determine s(-8).
8
Suppose 0 = -13*v - 7 - 6. Let i(a) = a**2 - a. Calculate i(v).
2
Let l(t) be the first derivative of t**3/3 - 5*t**2/2 + 6*t - 53. Let h = 4 + 1. Calculate l(h).
6
Let l = -5 - 1. Suppose o - 7 = -6. Let v(f) = 3*f + 31*f**2 - 6 - o - 30*f**2. Give v(l).
11
Let f(w) = -w**3 - 7*w**2 - 7*w + 8. Suppose -4*d - 4 = -4*n, 5*d + 3*n - n + 26 = 0. What is f(d)?
-12
Let r(w) = w**3 - 10*w**2 - 11*w - 5. Let u = -122 - -133. Determine r(u).
-5
Let j(r) be the second derivative of -3*r**5/20 - r**4/6 - r**2 - 13*r. Let a be j(-2). Suppose 5*s = 1 + a. Let q(w) = -w**3 + w**2 + 5*w - 2. Determine q(s).
-5
Let l = 27 + -21. Let o be -1 - l*-1*3/9. Let c(r) = r**3 - r**2 + r. Calculate c(o).
1
Let z(g) be the third derivative of -1/8*g**4 - 1/2*g**3 + 1/120*g**6 + 0 + 1/30*g**5 + 0*g + 10*g**2. Calculate z(-2).
3
Let i(q) = -1 + 4*q + 0*q + 8*q - 11*q. Calculate i(-6).
-7
Let h(x) = -x**2 - 2*x + 3. Suppose -2*m + 461 = 77. Let j be (m/(-80))/((-2)/(-10)). Let a be (-6)/(2*(-9)/j). What is h(a)?
-5
Let n(v) = v - 4. Suppose 2*i - 5*f = 21, 12 + 11 = i - 5*f. Let g be ((-1)/1)/((-1)/((-14)/i)). Give n(g).
3
Let w(j) be the third derivative of -j**4/24 + 4*j**3/3 + j**2. Let l = 10355 + -10351. Calculate w(l).
4
Let f(y) = -y. Let t = -2 - 54. Let g = t - -51. Calculate f(g).
5
Let w(u) be the first derivative of 5*u**2/2 - 2*u + 36. Determine w(2).
8
Let g(z) = z + 1. Suppose 0 = -2*i + 128 - 2. Let n be i/(-12) - 15/(-12). Calculate g(n).
-3
Let s(k) = -3*k**3 - 2*k**2 + 2*k + 1. Let t(a) = a**3 - a + 3. Let u be t(0). Suppose -3*i + 5*n + 19 = 0, -u*i = 3*n - 0*n + 21. Calculate s(i).
13
Let o(h) = h**2 - h + 1. Let r(l) = -6*l**2 + 4. Let w(k) = 3*o(k) - r(k). Let y(m) = 7*m**2 - 2*m. Let i(v) = 4*w(v) - 5*y(v). What is i(-3)?
11
Let o = -37 + 41. Let q(r) = -30 - 2*r**2 + 6*r + 18 + 12. Determine q(o).
-8
Suppose 15 = 9*k - 3. Let b(z) be the third derivative of -z**5/60 - z**4/24 + 22*z**2. Determine b(k).
-6
Let d(y) = -10*y + 6*y + 5 + 84*y**3 - 85*y**3. Calculate d(1).
0
Let l(h) = 3*h**3 + 7*h**2 - 19*h - 13. Let z(s) = -2*s**3 - 9*s**2 + 17*s + 10. Let w(v) = -4*l(v) - 5*z(v). What is w(8)?
-6
Let j = -6 - -15. Let f = 52 - 48. Suppose f*l = j + 3. Let x(s) = s**2 - 2*s - 2. Calculate x(l).
1
Let s(l) = -l**2 - 7*l + 6. Suppose -2*k = 19 - 5. Give s(k).
6
Suppose 15 = -0*z + z. Let t = -13 + z. Let m(y) = y + t - 9*y - 2 - y**2. What is m(-7)?
7
Let g(x) = -x**3 + 2*x**2 - 2*x - 3. Suppose 0 = -8*j + 44 + 28. Suppose 0 = 5*c + 1 + j. What is g(c)?
17
Let w = -388 + 390. Let d(c) = -2*c + 8. Determine d(w).
4
Let q(i) = 57*i**2 + 13*i + 9. Let c(h) = 14*h**2 + 3*h + 2. Let n(w) = -9*c(w) + 2*q(w). What is n(-1)?
-11
Let y(b) = 6*b**4 + 7*b**3 - 7*b - 14. Let k(g) = 2*g**4 + 2*g**3 - 2*g - 5. Let h(o) = 7*k(o) - 2*y(o). Let r(n) be the first derivative of h(n). Give r(1).
8
Let n(z) = z**3 + 7*z**2 - 16*z + 14. Let h be n(-9). Let d(m) = -m**2 - 3*m + 5. Calculate d(h).
1
Suppose 7*p = 20*p - 7*p. Let b(h) = -h - 14. What is b(p)?
-14
Let b(x) be the first derivative of x**2/2 + 4. Let z(p) = 85*p - 3. Let r be z(-1). Let d be 1/2 - r/16. Determine b(d).
6
Let p(k) = 2*k + 13. Let r be p(-6). Suppose 2*u + 14 = 5*s, -s + 12 + r = 3*u. Let q(h) = -4 + 3 - h**2 - s - 4 - 9*h. Calculate q(-8).
-1
Let g be 11/(-7 + (-275)/(-22)). Let f(p) = -5*p**3 - 4*p**2 + 4*p - 3. What is f(g)?
-51
Let p(f) = -f**3 - 2*f**2 - 4*f + 11. Let v(a) = -a**3 + a**2 - a + 3. Let g(t) = p(t) - 2*v(t). What is g(4)?
-3
Let p(r) = -2*r**3 - 3*r**2 + 5*r - 4. Let x = 5 - 3. Let j(m) = -3*m + 2*m + x*m**2 + 3 + 2*m**3 - m**3 - 3*m. Let d(g) = -3*j(g) - 2*p(g). What is d(1)?
2
Let g = 39 - 42. Let s(h) be the first derivative of -h**4/4 - 4*h**3/3 - h**2/2 - h - 3. Determine s(g).
-7
Let g be 4/6 - 16/(-12). Let b be g*2/(5 + -3). Let t(d) = b - 8*d**2 + d + 7*d**2 + 0*d**2. Determine t(2).
0
Let r = 4 + 4. Let a = r - 4. Suppose a*g + 20 = -g. Let q(p) = p. Calculate q(g).
-4
Let i(r) = -r + 13. Let q = 16 - 10. Let h be i(q). Let n(j) = j**3 - 6*j**2 - 6*j - 1. What is n(h)?
6
Let q = -10 - -15. Suppose 2*w - h = 2 - 3, -5*w - 5*h = -35. Let i(a) = -2 - 7*a - 11*a**3 + 8 - 8*a**3 + 18*a**3 + 6*a**w. Determine i(q).
-4
Let i(w) = 4*w + 4. Let v(n) = -2*n - 2. Let b(y) = 2*i(y) + 5*v(y). Let g be 26/(-8) + 141/(-188). Calculate b(g).
6
Let s(n) = -2*n - 7*n - n**2 - 4*n + 12*n - 1. Suppose -7*x = -3*x - 12. Determine s(x).
-13
Let z(k) = -13 + 41 - 2*k + k - 23. Calculate z(5).
0
Let u(b) = -34 - 10 - 44*b**2 + 63*b**2 - 20*b**2. What is u(0)?
-44
Let u(a) be the second derivative of 0 + 18*a + 1/2*a**2 - 11/6*a**3. Give u(-1).
12
Let y(q) = 2*q - 7. Let u be y(5). Let r = -14 - -16. Let v(j) = 4*j**3 + 3*j**u - 3 - 5*j**r - j - 8*j**3. What is v(-4)?
-15
Let x(d) = 28 + 17*d + 401*d**2 - d**3 - 204*d**2 - 212*d**2. Let a be x(-16). Let m(z) = z**2 - 13*z + 13. Calculate m(a).
1
Let w = -1476 - -1469. Let m(p) = -p**3 - 8*p**2 - 6*p + 3. What is m(w)?
-4
Let q(j) = j**3 + 21*j**2 + 19*j + 19. Let y(x) = -2*x**2 + x - 1. Let a(r) = -q(r) - 4*y(r). Calculate a(-11).
-4
Let v(d) = -d**2 + 16*d + 20. Let c(m) = 3*m - 16. Let r be c(11). Let z be v(r). Let h(g) = g. Calculate h(z).
3
Let i(y) = 2*y + 12. Suppose -36 = -4*q + 14*p, -2*q = -4*p + 8*p + 26. Determine i(q).
2
Suppose 666*w = 674*w - 24. Let b(a) = -a**3 + a**2 + a - 3. Determine b(w).
-18
Let q(f) = -2*f**3 - f**2 - 2*f. Let b(m) = 9*m**3 + 4*m**2 + 9*m - 19. Let o(i) = -b(i) - 4*q(i). What is o(0)?
19
Let h(t) be the first derivative of -t**2/2 - 7*t - 4. Let c be h(-4). Let k(p) = 3*p. Let n(j) = -1. Let a(b) = k(b) - 3*n(b). What is a(c)?
-6
Suppose 0 = -3*c + 2*r + 9, 3*r + 3 + 3 = 2*c. Let y(a) = -a**c - 9 - 7*a - 7 + 2*a**3 - 5*a**2 + 13. What is y(6)?
-9
Let m(d) be the first derivative of 0*d + 1/3*d**3 + 18 - 5/2*d**2. Calculate m(4).
-4
Let p(c) be the first derivative of c**4/4 - 7*c**3/3 - 3*c**2 + 10*c + 279. What is p(8)?
26
Let m(q) = 3*q + 1. Let a be m(1). Suppose 0 = a*l - 7*l + 3*g + 9, -2*l = 3*g - 11. Let o(w) = -w**3 + 4*w**2 - w - 2. Determine o(l).
-6
Let r be (-70)/(-50) + 3/5. Let s(p) = -3*p**2 + p**3 - 4712 - r*p + 4712. What is s(2)?
-8
Let x(g) = -g**2 + 4*g + 40. Let y be x(9). Let d(b) = b**2 + 1. Let z(k) = k**3 - 10*k**2 + k - 1. Let q(w) = y*d(w) - z(w). Give q(4).
8
Let q(p) = -3*p - 2. Let o be 8 - 12 - (1 + -2). What is q(o)?
7
Let v(m) = m**3 + 6*m**2 + 6*m - 6. Suppose -7*o - 100 = 13*o. What is v(o)?
-11
